)/i - 30/8. What is the units digit of ((-44)/1)/(a - -2)?
2
Let f(s) = s**2 - 2*s - 3. Let w be f(4). Suppose 4*p = w + 3. Suppose -p*n = -49 - 11. What is the units digit of n?
0
Let u = 629 + -382. Suppose -r + u = 1. What is the tens digit of r?
4
Suppose 8*h - 6355 = -667. What is the hundreds digit of h?
7
Let i(n) = 19*n + 1. Let h be ((-6)/4)/(27/(-18)). Let r be i(h). What is the tens digit of r/(1 + (-4)/12)?
3
Suppose 0 = g - 2*a - 2*a - 27, -3*g - 3*a + 36 = 0. Let c(q) = q**2 - 2*q + 53. What is the tens digit of c(g)?
4
What is the hundreds digit of 1/((-15)/(-6)) + 222432/70?
1
Suppose y + 3*y = -2*w + 1388, 4*w = 5*y - 1748. What is the tens digit of y?
4
Suppose 0 = 2*x - 5*t - 27, 5*x + 3*t + 2*t - 50 = 0. Suppose -x*d = -7*d - 1168. What is the units digit of d?
2
Suppose 5*u + 0*u - 9824 = -2*r, -2*u + 29472 = 6*r. What is the units digit of r?
2
Let f = 17 - 13. Suppose -5*u + 69 = p, f*p + 2 + 2 = 0. Suppose 3*s + 3*q - 66 = 0, u + 47 = 4*s - 5*q. What is the units digit of s?
9
Let f = -112 - -45. What is the units digit of (f/3)/(3/(-9))?
7
Suppose 0 = -3*l + 4*l - 229. What is the units digit of l?
9
Let r = 43 - 32. Suppose 2*u - 69 = -r. What is the units digit of u?
9
Let o = 36 - 34. Let i = 12 - o. What is the tens digit of i?
1
Suppose -76380 = -14*j - 5*j. What is the hundreds digit of j?
0
Let m(z) be the first derivative of 2*z**3/3 - 9*z**2/2 - 6*z - 239. Let y(c) = -4*c - 1. Let f be y(-2). What is the tens digit of m(f)?
2
Let s(q) = -q**3 + 2*q**2 + 2*q - 12. Let x be s(0). What is the hundreds digit of (x - -11) + (108 - 1)?
1
What is the tens digit of 1*178 + (-6)/6?
7
Let t = 33 - 28. Suppose -t*f = 0, 5*s - 6*f + 2*f - 215 = 0. What is the tens digit of s?
4
Suppose -9*k = -d - 4*k + 476, 5*k - 1854 = -4*d. What is the units digit of d?
6
Let m be ((-11)/22)/((-1)/4). Suppose -m*o + 5 - 4 = b, -3*o - 3 = b. Let x(n) = -n**3 + 10*n**2 - 6*n + 3. What is the tens digit of x(b)?
3
What is the tens digit of (-14)/77 - 1504/(-44)?
3
Let u = 5 + -2. Suppose u*n + 28 = 82. What is the tens digit of n?
1
Let r(i) be the first derivative of i**3/3 - 3*i**2/2 - 4*i - 76. Suppose -3*b = -3*o - 30, 4*b + 16 = 2*o + 52. What is the tens digit of r(b)?
3
Let k(s) = s**2 - 12*s - 18. Let t be k(15). Let a = t + -3. Let g = 37 + a. What is the tens digit of g?
6
Let h = 55 - 52. Suppose 3*u - 874 = -5*w, -389 = -5*w + h*u + 467. What is the tens digit of w?
7
Suppose m = 5*f - 2035, -4*m + 9*m = -25. What is the units digit of f?
6
What is the units digit of (-27288)/(-28) - 8/14?
4
Let w(j) = 14*j**2 - 14*j - 55. What is the units digit of w(-6)?
3
What is the hundreds digit of 2/3 + (-683422)/(-138)?
9
Let r(d) = -8*d - 7. Let q = 0 - 13. Let w be r(q). Suppose 0 = -k + 5*m + 15, 0 = -5*k + 4*m - m + w. What is the tens digit of k?
2
Suppose 821 = 5*i - 3*p, 2*p - 66 = -70. What is the tens digit of i?
6
Suppose -3*z = -538 - 107. What is the units digit of z?
5
Suppose g + 2*r - 150 + 45 = 0, 5*g = 3*r + 551. What is the hundreds digit of g?
1
Let c(i) = -5*i**3 - 7*i**2 + 36*i + 20. What is the hundreds digit of c(-10)?
9
Let r be 4*(-2 - 3/(-2)). Let d = -20 - -32. What is the units digit of (-6)/d + (-27)/r?
3
Suppose -56*i - 3666 = -62*i. What is the hundreds digit of i?
6
Let s(n) = 100*n + 7. Let z be s(3). Suppose 866 = 5*i - 4*l, 5*i - z = 2*l + 551. What is the units digit of i?
0
Let g(h) = 3*h**2 + 6*h + 4. Let c = -3 + 5. Suppose -14 = 3*u - c. What is the tens digit of g(u)?
2
Suppose -10*z - 4 = -11*z. Suppose -3*h - z*p = -2*h - 77, -4*p = 0. What is the tens digit of h?
7
Let f = -23 - -33. Let n(p) = -p**3 + 9*p**2 + 9*p + 23. What is the tens digit of n(f)?
1
Let i(g) = 5*g**3 + 2*g**2 + 2 + 0*g**2 - 5*g + g + 0*g**2. What is the tens digit of i(2)?
4
Let i(o) = o**2 - 5*o + 6. Let f be i(6). Let l(g) = -7*g**2 - g**3 - f*g + 7 + 2*g**3 - 4*g**2. What is the units digit of l(12)?
7
What is the hundreds digit of (-2)/8 - 31848/(-32)?
9
Let q(i) = -25*i + 4. Let d be q(-5). What is the tens digit of 6/9*d/(-12)*-6?
4
Suppose 8021 = 3*l - 5*t, 7*l + 5*t + 2657 = 8*l. What is the units digit of l?
2
Let x be (6/10 - 1)*-10. What is the tens digit of (-80)/15*(-42)/x?
5
What is the units digit of (3 + 366 - 7) + (3 - 1)?
4
Let y(i) = 27*i. Let b(g) = g**3 + 4*g**2 - 5*g + 4. Let w be b(-5). Suppose 0*t - 1 = -t - w*o, -5*t + 5 = o. What is the units digit of y(t)?
7
Suppose -208 = -10*h + 662. What is the units digit of h?
7
Suppose 2*k + 2080 = 3*k + 2*r, 3*k + 5*r - 6239 = 0. What is the hundreds digit of k?
0
Let g(x) = -2*x + 1. Let t be g(-2). Suppose t*d - 1 - 9 = 0. Suppose 3*o - d*o - 3*m = 31, -4*m = -o + 35. What is the tens digit of o?
1
What is the thousands digit of (184046/276)/((-3)/(-18))?
4
Suppose -2*r = -5*a + 26, -5*a + 0*r + 32 = r. Let l(k) = -k**3 + 7*k**2 - 4*k - 3. What is the units digit of l(a)?
9
Suppose -3*g = -3*a - 0*a + 15, 2*a = -3*g. Suppose 0 = -c + a*c - 134. What is the tens digit of c?
6
Let c = -16 + 28. Suppose 4*f - c = -0*f. Suppose -f*d + 12 = 0, 2*d - 3*d = 5*l - 9. What is the units digit of l?
1
Let u = -48 + 59. Let v = u + 19. What is the units digit of v?
0
Suppose 1735 = 5*m - y - 0*y, 2*m + 2*y = 682. What is the tens digit of m?
4
Let m be (-153)/(-7) - 24/(-168). Suppose -21*x + m*x - 13 = 0. What is the tens digit of x?
1
Let y = -17 - -33. Suppose y = -5*c + 201. What is the tens digit of c?
3
Let v = -254 - -523. Suppose 5*f + 4*q = 419, 0*f = 3*f - 2*q - v. What is the tens digit of f?
8
Let b(k) = 7*k**3 - 2*k**2 + 1. Let q be b(1). Let w = 131 + q. What is the tens digit of w?
3
Let r(p) = -8 + p**3 - 14*p - 12*p**2 + 26*p**2 + 28. Let s be r(-15). Let q(g) = -g + 21. What is the units digit of q(s)?
6
Let w be (-6)/(-8)*8/3. Let x be ((-8)/(-4))/(w/(-5)). Let s(n) = n**2 + 3*n - 7. What is the units digit of s(x)?
3
What is the tens digit of (148 + -2)*(-6)/(-12)?
7
Let u(n) = 254*n**2 + 11*n + 10. What is the tens digit of u(-1)?
5
Let b = 239 + -32. Let z = b - 105. What is the units digit of z?
2
Suppose 0*m - 2*m = -394. Let y = -122 + m. Suppose y = 2*c + n + 4*n, -4*c = -5*n - 75. What is the tens digit of c?
2
Let m(v) = -v**2 - 6*v - 3. Suppose 18 = -6*a - 12. What is the units digit of m(a)?
2
Let b be 4 - (4 - 6 - (-1 - 1)). What is the tens digit of 761/7 + (30/7 - b)?
0
Suppose 17*a = 15*a + 2. Let i be -48 - (-2 + a + -2). What is the units digit of 18/i - 244/(-10)?
4
Suppose -2*g = -326 - 382. What is the units digit of g?
4
Let a(o) = -o**2 - 7*o - 17. Let i be a(-4). What is the units digit of (-142*(i + 4))/2?
1
Let h = -10 - -21. Let u(s) = -s**2 + 12*s - 11. Let f be u(h). Suppose f = 2*z - 30 + 4. What is the units digit of z?
3
Suppose -4*w + 4104 = -3*q, -3*q + 2569 = 2*w + 535. What is the units digit of w?
3
Suppose 2*c + 3*c = 4*n + 16, -n - 4 = 2*c. Suppose c*w + 57 = 3*w. Suppose -3*v + 5*y = -0*v - w, 0 = -3*v - 2*y + 47. What is the units digit of v?
3
Let k = 7 - 2. Suppose a + 5*j + 10 = 3*a, k*j + 25 = 5*a. Suppose a*h = 4*d + 130, 5*d = -23 - 2. What is the units digit of h?
2
Let c(f) be the first derivative of -f**5/10 - f**4/3 - f**3/3 + f**2/2 - 10*f + 11. Let s(y) be the first derivative of c(y). What is the tens digit of s(-3)?
2
Suppose -2*v + 2*n - 90 + 826 = 0, -1474 = -4*v + 3*n. What is the tens digit of v?
7
Let w be (((-16)/20)/(1/(-5)))/(-2). What is the units digit of ((-12)/(-20) + (-893)/5)/w?
9
Let r = -10 - -16. What is the tens digit of -73*4/r*24/(-16)?
7
Let q(f) = -24*f + 33. What is the units digit of q(-31)?
7
Suppose 3*f - 8*f - 3*j - 385 = 0, -2*j + 360 = -5*f. Let a = f + 198. What is the tens digit of a?
2
Let f(y) = y**3 + 11*y**2 + 7*y - 12. Let a be f(-9). Let n = a - 42. What is the units digit of n?
5
Let r = -26 + 35. Suppose -20 = 5*i, -m - 21 = 5*i + r. Let f(a) = -a**2 - 12*a - 19. What is the units digit of f(m)?
1
Suppose l - 2098 = -5*a, -a - 5*l + 315 + 95 = 0. What is the hundreds digit of a?
4
Let r be 15/10*20/(-6). Let j = r - -53. What is the units digit of j?
8
Suppose -623 = -5*a + 737. Suppose -o - o - a = -4*m, -m + 50 = -5*o. What is the tens digit of m?
7
Suppose z + 3 = -y + 2, 2*z - y = 13. Suppose z*k = k + 30. Let d = k - -64. What is the tens digit